{"id":193,"date":"2024-01-06T15:59:31","date_gmt":"2024-01-06T15:59:31","guid":{"rendered":"https:\/\/elipsemotriz.pt\/?page_id=193"},"modified":"2024-01-10T23:07:03","modified_gmt":"2024-01-10T23:07:03","slug":"artigos-de-soldadura","status":"publish","type":"page","link":"https:\/\/elipsemotriz.pt\/?page_id=193","title":{"rendered":"Artigos de Soldadura"},"content":{"rendered":"\t\t<div data-elementor-type=\"wp-page\" data-elementor-id=\"193\" class=\"elementor elementor-193\">\n\t\t\t\t\t\t\t<div class=\"elementor-element elementor-element-f55d3d5 e-flex e-con-boxed e-con e-parent\" data-id=\"f55d3d5\" data-element_type=\"container\" data-settings=\"{&quot;content_width&quot;:&quot;boxed&quot;}\" data-core-v316-plus=\"true\">\n\t\t\t\t\t<div class=\"e-con-inner\">\n\t\t\t\t<div class=\"elementor-element elementor-element-40339ec elementor-widget elementor-widget-image\" data-id=\"40339ec\" data-element_type=\"widget\" data-widget_type=\"image.default\">\n\t\t\t\t<div class=\"elementor-widget-container\">\n\t\t\t<style>\/*! elementor - v3.17.0 - 25-10-2023 *\/\n.elementor-widget-image{text-align:center}.elementor-widget-image a{display:inline-block}.elementor-widget-image a img[src$=\".svg\"]{width:48px}.elementor-widget-image img{vertical-align:middle;display:inline-block}<\/style>\t\t\t\t\t\t\t\t\t\t\t\t<img fetchpriority=\"high\" decoding=\"async\" width=\"1920\" height=\"650\" src=\"https:\/\/elipsemotriz.pt\/wp-content\/uploads\/2024\/01\/3-2.jpg\" class=\"attachment-full size-full wp-image-324\" alt=\"\" srcset=\"https:\/\/elipsemotriz.pt\/wp-content\/uploads\/2024\/01\/3-2.jpg 1920w, https:\/\/elipsemotriz.pt\/wp-content\/uploads\/2024\/01\/3-2-300x102.jpg 300w, https:\/\/elipsemotriz.pt\/wp-content\/uploads\/2024\/01\/3-2-1024x347.jpg 1024w, https:\/\/elipsemotriz.pt\/wp-content\/uploads\/2024\/01\/3-2-768x260.jpg 768w, https:\/\/elipsemotriz.pt\/wp-content\/uploads\/2024\/01\/3-2-1536x520.jpg 1536w\" sizes=\"(max-width: 1920px) 100vw, 1920px\" \/>\t\t\t\t\t\t\t\t\t\t\t\t\t\t\t<\/div>\n\t\t\t\t<\/div>\n\t\t\t\t\t<\/div>\n\t\t\t\t<\/div>\n\t\t<div class=\"elementor-element elementor-element-7603df8 e-flex e-con-boxed e-con e-parent\" data-id=\"7603df8\" data-element_type=\"container\" data-settings=\"{&quot;content_width&quot;:&quot;boxed&quot;}\" data-core-v316-plus=\"true\">\n\t\t\t\t\t<div class=\"e-con-inner\">\n\t\t<div class=\"elementor-element elementor-element-99b60c8 e-con-full e-flex e-con e-child\" data-id=\"99b60c8\" data-element_type=\"container\" data-settings=\"{&quot;content_width&quot;:&quot;full&quot;}\">\n\t\t\t\t<div class=\"elementor-element elementor-element-1447af1 elementor-widget elementor-widget-image\" data-id=\"1447af1\" data-element_type=\"widget\" data-widget_type=\"image.default\">\n\t\t\t\t<div class=\"elementor-widget-container\">\n\t\t\t\t\t\t\t\t\t\t\t\t<figure class=\"wp-caption\">\n\t\t\t\t\t\t\t\t\t\t\t<a href=\"https:\/\/elipsemotriz.pt\/?page_id=197(abre%20num%20novo%20separador)\">\n\t\t\t\t\t\t\t<img decoding=\"async\" width=\"434\" height=\"439\" src=\"https:\/\/elipsemotriz.pt\/wp-content\/uploads\/2024\/01\/15-1-e1704896386232.jpg\" class=\"elementor-animation-grow attachment-large size-large wp-image-416\" alt=\"\" srcset=\"https:\/\/elipsemotriz.pt\/wp-content\/uploads\/2024\/01\/15-1-e1704896386232.jpg 434w, https:\/\/elipsemotriz.pt\/wp-content\/uploads\/2024\/01\/15-1-e1704896386232-297x300.jpg 297w\" sizes=\"(max-width: 434px) 100vw, 434px\" \/>\t\t\t\t\t\t\t\t<\/a>\n\t\t\t\t\t\t\t\t\t\t\t<figcaption class=\"widget-image-caption wp-caption-text\">Processo Soldadura TIG<\/figcaption>\n\t\t\t\t\t\t\t\t\t\t<\/figure>\n\t\t\t\t\t\t\t\t\t<\/div>\n\t\t\t\t<\/div>\n\t\t\t\t<\/div>\n\t\t<div class=\"elementor-element elementor-element-9fac3ee e-con-full e-flex e-con e-child\" data-id=\"9fac3ee\" data-element_type=\"container\" data-settings=\"{&quot;content_width&quot;:&quot;full&quot;}\">\n\t\t\t\t<div class=\"elementor-element elementor-element-7e75915 elementor-widget elementor-widget-image\" data-id=\"7e75915\" data-element_type=\"widget\" data-widget_type=\"image.default\">\n\t\t\t\t<div class=\"elementor-widget-container\">\n\t\t\t\t\t\t\t\t\t\t\t\t<figure class=\"wp-caption\">\n\t\t\t\t\t\t\t\t\t\t\t<a href=\"https:\/\/elipsemotriz.pt\/?page_id=202\">\n\t\t\t\t\t\t\t<img decoding=\"async\" width=\"435\" height=\"436\" src=\"https:\/\/elipsemotriz.pt\/wp-content\/uploads\/2024\/01\/16-1-e1704897056586.jpg\" class=\"elementor-animation-grow attachment-large size-large wp-image-417\" alt=\"\" srcset=\"https:\/\/elipsemotriz.pt\/wp-content\/uploads\/2024\/01\/16-1-e1704897056586.jpg 435w, https:\/\/elipsemotriz.pt\/wp-content\/uploads\/2024\/01\/16-1-e1704897056586-300x300.jpg 300w, https:\/\/elipsemotriz.pt\/wp-content\/uploads\/2024\/01\/16-1-e1704897056586-150x150.jpg 150w\" sizes=\"(max-width: 435px) 100vw, 435px\" \/>\t\t\t\t\t\t\t\t<\/a>\n\t\t\t\t\t\t\t\t\t\t\t<figcaption class=\"widget-image-caption wp-caption-text\">Processo Soldadura MIG\/MAG<\/figcaption>\n\t\t\t\t\t\t\t\t\t\t<\/figure>\n\t\t\t\t\t\t\t\t\t<\/div>\n\t\t\t\t<\/div>\n\t\t\t\t<\/div>\n\t\t<div class=\"elementor-element elementor-element-3dbf007 e-con-full e-flex e-con e-child\" data-id=\"3dbf007\" data-element_type=\"container\" data-settings=\"{&quot;content_width&quot;:&quot;full&quot;}\">\n\t\t\t\t<div class=\"elementor-element elementor-element-dc9955d elementor-widget elementor-widget-image\" data-id=\"dc9955d\" data-element_type=\"widget\" data-widget_type=\"image.default\">\n\t\t\t\t<div class=\"elementor-widget-container\">\n\t\t\t\t\t\t\t\t\t\t\t\t<figure class=\"wp-caption\">\n\t\t\t\t\t\t\t\t\t\t\t<a href=\"https:\/\/elipsemotriz.pt\/?page_id=204(abre%20num%20novo%20separador)\">\n\t\t\t\t\t\t\t<img loading=\"lazy\" decoding=\"async\" width=\"435\" height=\"437\" src=\"https:\/\/elipsemotriz.pt\/wp-content\/uploads\/2024\/01\/17-1-e1704897124167.jpg\" class=\"elementor-animation-grow attachment-large size-large wp-image-418\" alt=\"\" srcset=\"https:\/\/elipsemotriz.pt\/wp-content\/uploads\/2024\/01\/17-1-e1704897124167.jpg 435w, https:\/\/elipsemotriz.pt\/wp-content\/uploads\/2024\/01\/17-1-e1704897124167-300x300.jpg 300w, https:\/\/elipsemotriz.pt\/wp-content\/uploads\/2024\/01\/17-1-e1704897124167-150x150.jpg 150w\" sizes=\"(max-width: 435px) 100vw, 435px\" \/>\t\t\t\t\t\t\t\t<\/a>\n\t\t\t\t\t\t\t\t\t\t\t<figcaption class=\"widget-image-caption wp-caption-text\">Processo Soldadura MMA<\/figcaption>\n\t\t\t\t\t\t\t\t\t\t<\/figure>\n\t\t\t\t\t\t\t\t\t<\/div>\n\t\t\t\t<\/div>\n\t\t\t\t<\/div>\n\t\t<div class=\"elementor-element elementor-element-ccd3c0d e-con-full e-flex e-con e-child\" data-id=\"ccd3c0d\" data-element_type=\"container\" data-settings=\"{&quot;content_width&quot;:&quot;full&quot;}\">\n\t\t\t\t<div class=\"elementor-element elementor-element-786dfef elementor-widget elementor-widget-image\" data-id=\"786dfef\" data-element_type=\"widget\" data-widget_type=\"image.default\">\n\t\t\t\t<div class=\"elementor-widget-container\">\n\t\t\t\t\t\t\t\t\t\t\t\t<figure class=\"wp-caption\">\n\t\t\t\t\t\t\t\t\t\t\t<a href=\"https:\/\/elipsemotriz.pt\/?page_id=206(abre%20num%20novo%20separador)\">\n\t\t\t\t\t\t\t<img loading=\"lazy\" decoding=\"async\" width=\"438\" height=\"436\" src=\"https:\/\/elipsemotriz.pt\/wp-content\/uploads\/2024\/01\/18-1-e1704897193813.jpg\" class=\"elementor-animation-grow attachment-large size-large wp-image-419\" alt=\"\" srcset=\"https:\/\/elipsemotriz.pt\/wp-content\/uploads\/2024\/01\/18-1-e1704897193813.jpg 438w, https:\/\/elipsemotriz.pt\/wp-content\/uploads\/2024\/01\/18-1-e1704897193813-300x300.jpg 300w, https:\/\/elipsemotriz.pt\/wp-content\/uploads\/2024\/01\/18-1-e1704897193813-150x150.jpg 150w\" sizes=\"(max-width: 438px) 100vw, 438px\" \/>\t\t\t\t\t\t\t\t<\/a>\n\t\t\t\t\t\t\t\t\t\t\t<figcaption class=\"widget-image-caption wp-caption-text\">Processo Soldadura Chama<\/figcaption>\n\t\t\t\t\t\t\t\t\t\t<\/figure>\n\t\t\t\t\t\t\t\t\t<\/div>\n\t\t\t\t<\/div>\n\t\t\t\t<\/div>\n\t\t<div class=\"elementor-element elementor-element-21b755a e-con-full e-flex e-con e-child\" data-id=\"21b755a\" data-element_type=\"container\" data-settings=\"{&quot;content_width&quot;:&quot;full&quot;}\">\n\t\t\t\t<div class=\"elementor-element elementor-element-0548753 elementor-widget elementor-widget-image\" data-id=\"0548753\" data-element_type=\"widget\" data-widget_type=\"image.default\">\n\t\t\t\t<div class=\"elementor-widget-container\">\n\t\t\t\t\t\t\t\t\t\t\t\t<figure class=\"wp-caption\">\n\t\t\t\t\t\t\t\t\t\t\t<a href=\"https:\/\/elipsemotriz.pt\/?page_id=208(abre%20num%20novo%20separador)\">\n\t\t\t\t\t\t\t<img loading=\"lazy\" decoding=\"async\" width=\"436\" height=\"432\" src=\"https:\/\/elipsemotriz.pt\/wp-content\/uploads\/2024\/01\/19-e1704897229987.jpg\" class=\"elementor-animation-grow attachment-large size-large wp-image-420\" alt=\"\" srcset=\"https:\/\/elipsemotriz.pt\/wp-content\/uploads\/2024\/01\/19-e1704897229987.jpg 436w, https:\/\/elipsemotriz.pt\/wp-content\/uploads\/2024\/01\/19-e1704897229987-300x297.jpg 300w, https:\/\/elipsemotriz.pt\/wp-content\/uploads\/2024\/01\/19-e1704897229987-150x150.jpg 150w\" sizes=\"(max-width: 436px) 100vw, 436px\" \/>\t\t\t\t\t\t\t\t<\/a>\n\t\t\t\t\t\t\t\t\t\t\t<figcaption class=\"widget-image-caption wp-caption-text\">Acess\u00f3rios de Prote\u00e7\u00e3o<\/figcaption>\n\t\t\t\t\t\t\t\t\t\t<\/figure>\n\t\t\t\t\t\t\t\t\t<\/div>\n\t\t\t\t<\/div>\n\t\t\t\t<\/div>\n\t\t<div class=\"elementor-element elementor-element-f026ba3 e-con-full e-flex e-con e-child\" data-id=\"f026ba3\" data-element_type=\"container\" data-settings=\"{&quot;content_width&quot;:&quot;full&quot;}\">\n\t\t\t\t<div class=\"elementor-element elementor-element-ac70396 elementor-widget elementor-widget-image\" data-id=\"ac70396\" data-element_type=\"widget\" data-widget_type=\"image.default\">\n\t\t\t\t<div class=\"elementor-widget-container\">\n\t\t\t\t\t\t\t\t\t\t\t\t<figure class=\"wp-caption\">\n\t\t\t\t\t\t\t\t\t\t\t<a href=\"https:\/\/elipsemotriz.pt\/?page_id=212(abre%20num%20novo%20separador)\">\n\t\t\t\t\t\t\t<img loading=\"lazy\" decoding=\"async\" width=\"437\" height=\"431\" src=\"https:\/\/elipsemotriz.pt\/wp-content\/uploads\/2024\/01\/20-e1704897267215.jpg\" class=\"elementor-animation-grow attachment-large size-large wp-image-421\" alt=\"\" srcset=\"https:\/\/elipsemotriz.pt\/wp-content\/uploads\/2024\/01\/20-e1704897267215.jpg 437w, https:\/\/elipsemotriz.pt\/wp-content\/uploads\/2024\/01\/20-e1704897267215-300x296.jpg 300w\" sizes=\"(max-width: 437px) 100vw, 437px\" \/>\t\t\t\t\t\t\t\t<\/a>\n\t\t\t\t\t\t\t\t\t\t\t<figcaption class=\"widget-image-caption wp-caption-text\">M\u00e1quinas<\/figcaption>\n\t\t\t\t\t\t\t\t\t\t<\/figure>\n\t\t\t\t\t\t\t\t\t<\/div>\n\t\t\t\t<\/div>\n\t\t\t\t<\/div>\n\t\t\t\t\t<\/div>\n\t\t\t\t<\/div>\n\t\t<div class=\"elementor-element elementor-element-1b99364 e-con-full e-flex e-con e-parent\" data-id=\"1b99364\" data-element_type=\"container\" data-settings=\"{&quot;content_width&quot;:&quot;full&quot;}\" data-core-v316-plus=\"true\">\n\t\t<div class=\"elementor-element elementor-element-dda1621 e-con-full e-flex e-con e-child\" data-id=\"dda1621\" data-element_type=\"container\" data-settings=\"{&quot;content_width&quot;:&quot;full&quot;}\">\n\t\t\t\t<div class=\"elementor-element elementor-element-b509eab elementor-widget__width-initial elementor-widget elementor-widget-image\" data-id=\"b509eab\" data-element_type=\"widget\" data-widget_type=\"image.default\">\n\t\t\t\t<div class=\"elementor-widget-container\">\n\t\t\t\t\t\t\t\t\t\t\t\t<figure class=\"wp-caption\">\n\t\t\t\t\t\t\t\t\t\t\t<a href=\"https:\/\/elipsemotriz.pt\/?page_id=214\">\n\t\t\t\t\t\t\t<img loading=\"lazy\" decoding=\"async\" width=\"436\" height=\"438\" src=\"https:\/\/elipsemotriz.pt\/wp-content\/uploads\/2024\/01\/21-1-e1704897299301.jpg\" class=\"elementor-animation-grow attachment-large size-large wp-image-423\" alt=\"\" srcset=\"https:\/\/elipsemotriz.pt\/wp-content\/uploads\/2024\/01\/21-1-e1704897299301.jpg 436w, https:\/\/elipsemotriz.pt\/wp-content\/uploads\/2024\/01\/21-1-e1704897299301-300x300.jpg 300w, https:\/\/elipsemotriz.pt\/wp-content\/uploads\/2024\/01\/21-1-e1704897299301-150x150.jpg 150w\" sizes=\"(max-width: 436px) 100vw, 436px\" \/>\t\t\t\t\t\t\t\t<\/a>\n\t\t\t\t\t\t\t\t\t\t\t<figcaption class=\"widget-image-caption wp-caption-text\">Outros Acess\u00f3rios<\/figcaption>\n\t\t\t\t\t\t\t\t\t\t<\/figure>\n\t\t\t\t\t\t\t\t\t<\/div>\n\t\t\t\t<\/div>\n\t\t\t\t<\/div>\n\t\t\t\t<\/div>\n\t\t\t\t\t\t\t<\/div>\n\t\t","protected":false},"excerpt":{"rendered":"<p>Processo Soldadura TIG Processo Soldadura MIG\/MAG Processo Soldadura MMA Processo Soldadura Chama Acess\u00f3rios de Prote\u00e7\u00e3o M\u00e1quinas Outros Acess\u00f3rios<\/p>\n","protected":false},"author":1,"featured_media":0,"parent":0,"menu_order":0,"comment_status":"closed","ping_status":"closed","template":"","meta":{"footnotes":""},"class_list":["post-193","page","type-page","status-publish","hentry"],"_links":{"self":[{"href":"https:\/\/elipsemotriz.pt\/index.php?rest_route=\/wp\/v2\/pages\/193","targetHints":{"allow":["GET"]}}],"collection":[{"href":"https:\/\/elipsemotriz.pt\/index.php?rest_route=\/wp\/v2\/pages"}],"about":[{"href":"https:\/\/elipsemotriz.pt\/index.php?rest_route=\/wp\/v2\/types\/page"}],"author":[{"embeddable":true,"href":"https:\/\/elipsemotriz.pt\/index.php?rest_route=\/wp\/v2\/users\/1"}],"replies":[{"embeddable":true,"href":"https:\/\/elipsemotriz.pt\/index.php?rest_route=%2Fwp%2Fv2%2Fcomments&post=193"}],"version-history":[{"count":34,"href":"https:\/\/elipsemotriz.pt\/index.php?rest_route=\/wp\/v2\/pages\/193\/revisions"}],"predecessor-version":[{"id":480,"href":"https:\/\/elipsemotriz.pt\/index.php?rest_route=\/wp\/v2\/pages\/193\/revisions\/480"}],"wp:attachment":[{"href":"https:\/\/elipsemotriz.pt\/index.php?rest_route=%2Fwp%2Fv2%2Fmedia&parent=193"}],"curies":[{"name":"wp","href":"https:\/\/api.w.org\/{rel}","templated":true}]}}